 f(i).
-5
Let i(x) = -x**3 - 19*x**2 - 38*x - 58. Let j be i(-17). Let h(z) = -3*z + 23. Determine h(j).
-7
Let y be 15/(-35) + (-87)/(-7). Suppose -4*r = -y*r + 16. Let a(s) = -3*s**2 + s - 2. Calculate a(r).
-12
Let k(a) be the second derivative of 5/6*a**3 + 4*a + 3/2*a**2 - 1/24*a**4 + 0. Let y(d) be the first derivative of k(d). Calculate y(6).
-1
Let l = -249 + 245. Let m(o) = o**2 + o - 7. Calculate m(l).
5
Let a(z) be the second derivative of z**3/2 + 10*z**2 + 399*z. Determine a(-6).
2
Let p(t) = -11*t**2 + 2*t. Let l(c) = -c**2 + c. Let v(w) = 5*l(w) - p(w). Determine v(-2).
18
Let x(i) = -3*i + 1. Let q(m) be the first derivative of -2 - 2*m**2 - 1 + 11 + 3*m**2 + 11*m. Let z be q(-4). What is x(z)?
-8
Let f be 3/12*4*-1. Let s(l) = 2*l**2 - 2*l - 2. Let o be s(f). Let x(t) = -t**3 + t**2 + 2*t. Give x(o).
0
Suppose 13*t - 18 = 11*t. Let u(f) = -f**3 + 8*f**2 + 7*f + 7. What is u(t)?
-11
Let t(w) = -708*w - 712*w + 1417*w - 7. Determine t(-7).
14
Let n(h) = -7*h + 11. Let f(s) = 8*s - 9. Let q(k) = 6*f(k) + 5*n(k). Determine q(-1).
-12
Let b = 27 + -25. Let d(l) = 3*l + 0*l**b + 3*l - 1 + 3 + l**2. Determine d(-5).
-3
Let z(u) = -u**3 - 4*u**2 + 3*u + 5. Suppose 3*l - 30*b + 15 = -28*b, -9 = 5*l + 2*b. Calculate z(l).
-13
Let s(y) = 12*y - 2. Suppose 22 = -11*f + 22*f. Give s(f).
22
Let o(x) be the third derivative of -x**5/60 - 3*x**4/8 - 7*x**3/6 - 109*x**2. Give o(-5).
13
Let c(z) be the first derivative of 5*z**2 + 27*z + 613. Determine c(-3).
-3
Suppose -11*q - 3 = 41. Let f(z) = z**3 + 3*z**2 - 5*z + 5. Calculate f(q).
9
Suppose -163 = 5*s - 128. Let r(t) = -t - 14. What is r(s)?
-7
Let p(m) = m**2 - 9*m + 12. Let l be p(8). Let n(f) = -f + l*f - f + 9 + 0*f. Suppose 0 = -3*k + k - 5*h + 3, 4*h = -k + 6. Give n(k).
-3
Let g be -2*-22*(-6)/(-24). Let n(j) = j**3 - 10*j**2 - 10*j - 8. Give n(g).
3
Suppose 18 = 15*v - 12*v. Let k(x) = x**3 - 6*x**2 - 6. What is k(v)?
-6
Let a be 4/3 - (-6)/9. Let p(t) = 0*t + t**2 - t - a - 2*t. Let v(d) = -d**3 + 11*d**2 + 2*d - 25. Let y be v(11). Calculate p(y).
16
Let k(f) be the third derivative of -f**5/15 + f**4/24 + 7*f**3/3 - 24*f**2. Let u(m) be the first derivative of k(m). Calculate u(1).
-7
Let m(t) = t**2 - 2*t. Suppose 0 = -5*j - 2*y + 9, -19*j = -21*j - 5*y - 9. Calculate m(j).
3
Let p(k) = k**3 + 8*k**2 + 5*k - 10. Let s = 1558 - 1565. Give p(s).
4
Let g(m) = -2*m + 70 + 5*m - 133 + 67. Calculate g(-6).
-14
Let a(w) be the first derivative of -w**3/3 - w**2 - 3*w + 43. Suppose -3*v + 6*v = -3, 0 = -5*j - v - 11. Let t be (6/j)/(-2 + 3). Determine a(t).
-6
Let k(g) be the second derivative of g**4/12 + 2*g**3/3 + 3*g**2/2 + 3*g. Let y be k(-4). Let v(w) = w + 0 + w**2 - 2*w - 1. Give v(y).
5
Let w be -4 + 0 + -1*2. Let y(h) be the second derivative of h**4/12 + 2*h**3/3 - 7*h**2/2 - 36*h. What is y(w)?
5
Suppose -4*p = 2*z + 6, -3*p = z - 1 + 7. Suppose -27*r + 28*r = -z. Let i(t) be the second derivative of t**4/12 + t**2 + t. Give i(r).
11
Let t(j) = j**3 + 12*j**2 + 15*j + 9. Suppose 33 = 97*o - 100*o. Give t(o).
-35
Suppose -5*i + 3 = -7. Let h(g) = -3*g**3 - 1 + 3*g**2 + 4*g - i*g**2 + 0*g**2 - 5*g. What is h(-1)?
4
Let o(l) = l**3 + 7*l**2 + 9*l - 5. Let f be o(-5). Let a(m) = m + 7. Determine a(f).
7
Let g(p) = 13*p**3 - 7*p**2 + p - 4. Let l(u) = 24*u**3 - 14*u**2 + 2*u - 8. Let w(x) = -11*g(x) + 6*l(x). Calculate w(5).
-49
Let s(t) = -t**2 + 2*t - 1. Suppose 3*w + 3*w = 9*w. Calculate s(w).
-1
Let u(l) be the third derivative of -1/30*l**5 - 1/12*l**4 + 0 + 0*l + 1/144*l**6 + 6*l**2 + 0*l**3. Let a(w) be the second derivative of u(w). What is a(3)?
11
Let c(y) = -4 + 3*y + 9*y + 3 - 37*y + 11*y. Determine c(-1).
13
Let u(g) = g**2 + 8*g + 4. Suppose -f = 9*f + 60. Give u(f).
-8
Let o be ((-1)/(-2))/(-39 - -40). Let b(k) be the first derivative of -k + 8 - o*k**2. Calculate b(6).
-7
Let n(w) = -2*w + 33. Let x be n(15). Let k(o) = -4 + 3 - o**3 - 3 + 10*o + 11*o**2 + 2*o**x. What is k(-10)?
-4
Suppose -5*c + 105 = 5*f, 14 = 2*c + 4*f - 26. Suppose -18 - c = -4*u. Let j be ((-12)/u)/((-3)/10). Let d(g) = g**2 - g - 3. What is d(j)?
9
Let y(j) = j**3 + j**2 + j. Suppose 0 = -k + 4*m - 7, -k - m + 0*m = 2. Let c(l) = 2*l**3 + 8*l**2 + 2*l + 5. Let n(s) = k*y(s) + c(s). Give n(4).
17
Let l(u) = u**3 - 11*u**2 - 11*u - 1. Let x(d) = -d**3 - d**2 - d - 5. Let b be x(-2). Let y(n) = n**2 + n - 1. Let g(f) = b*l(f) + 6*y(f). Determine g(6).
-1
Let c(d) = 13*d**3 - 13*d**2 + 29*d - 18. Let w(m) = -7*m**3 + 6*m**2 - 15*m + 9. Let i(v) = 6*c(v) + 11*w(v). Give i(11).
-31
Let o be 12/(-1) - (22 - 28). Let z(j) = -j**3 - 5*j**2 + 8*j + 1. What is z(o)?
-11
Let g(q) = -4*q - 24. Let n be g(-8). Suppose j = n*j - 21. Let l(h) = -h**3 + 3*h**2 + 3*h - 3. Determine l(j).
6
Let c = -48 + 50. Let f(j) = j + 8*j - 9 - 9*j + 6*j - j**c. Let v = 12 + -6. Give f(v).
-9
Let j(d) = 5*d**3 + 7*d**2 - 6*d - 3. Let o be 10/(6/2 - 5). Let v(q) = -6*q**3 - 8*q**2 + 7*q + 4. Suppose c + 4 = -0. Let a(h) = c*v(h) + o*j(h). Give a(-4).
7
Let j = -447 + 454. Let c(q) = -q**2 + 2*q + 9. Determine c(j).
-26
Let f(m) be the third derivative of m**7/840 - m**6/360 - m**5/120 - m**4/6 - 4*m**3/3 - 4*m**2. Let j(v) be the first derivative of f(v). Calculate j(0).
-4
Let i(j) be the first derivative of 1/2*j**2 + 2 + j. Calculate i(-4).
-3
Let l(q) be the first derivative of 6*q**4 - q**3/3 + q**2/2 + q - 86. What is l(-1)?
-25
Let l(i) = -886*i - 9 + 442*i + 443*i. Calculate l(-10).
1
Let h(s) = -10*s + 37. Let b(j) = 5*j - 20. Let l(o) = -11*b(o) - 6*h(o). Let a(n) = 3*n**3 - 1. Suppose 0 = z - 1. Let f be a(z). Calculate l(f).
8
Let j(k) = -99 + 321 + 2*k - 100 - 111. Calculate j(-7).
-3
Let n(y) = -y**3 + 11*y**2 - 10*y - 12. Suppose -3*o = -3*l - 15, -2*o - 5 = -l - 4*l. What is n(o)?
-12
Let h = 51 + -38. Let f(y) = -4 + 6 + h*y - 7*y. Let m(i) = i**2 - 6*i + 2. Let l be m(6). Calculate f(l).
14
Let n(a) = -19*a. Let z(b) = 9*b + 30. Let x be z(-3). Suppose 2*m + 10 = 0, -x*m = f - m + 9. Determine n(f).
-19
Let a be (2 - 5)*(-1)/(-1) - -5. Suppose a - 6 = 2*l. Let c(q) be the second derivative of -q**4/6 + q**3/6 + q**2/2 - 4*q. Calculate c(l).
-9
Let s = -6 + 6. Let q(w) = w. Calculate q(s).
0
Let t(d) = d - 9. Suppose 6*j + 2 = 5*j. Let h = j - -2. Determine t(h).
-9
Let u(x) = 2*x**2 + 11*x + 5. Suppose -4*f = 5*d + 47, -5*d + 0*d + 4*f = 23. Give u(d).
26
Let a(m) be the third derivative of -m**5/60 + m**4/24 + m**3/3 - 3*m**2 - 12*m. Let y = 3 - 0. Suppose y*n = -n. Determine a(n).
2
Let n(w) = w**2 + 0*w**3 - 11*w - 2*w**2 + 5*w**2 + 18*w - 3 - w**3. Determine n(5).
7
Let q(i) = -11*i**2 - i + 1. Suppose -2*y = -4*x - 14, -5*y + 4*y = -4*x - 13. Determine q(y).
-11
Suppose 145 = 42*a - 71*a. Let v(u) = u**3 + u**2. Let i(z) = -4*z**3 + z**2 + z + 7. Let b(s) = i(s) + 5*v(s). Calculate b(a).
27
Let a(f) = 21*f - 10 - 13*f - 9*f. Suppose 0 = -4*x + 4*t, 5*x = -0*x - t. Calculate a(x).
-10
Let u(d) = d**3 + 3*d**2 - 3*d + 2. Let k = -94 + 88. Let v be 0 - (2 - (4 + k)). Calculate u(v).
-2
Let z(g) be the first derivative of g**6/120 - g**5/15 + 2*g**3/3 + 3*g**2/2 - 14. Let f(t) be the second derivative of z(t). What is f(3)?
-5
Let k(h) = 5*h + 4*h + 6 - 3*h - 4*h. Give k(-5).
-4
Let m be 29/2 + (-8)/(-16). Let r = -14 + m. Let a(y) be the third derivative of y**5/15 + y**4/24 + y**2. Calculate a(r).
5
Let g(k) = 9*k + 8. Let n(u) = -u - 1. Let m(d) = -3*g(d) - 24*n(d). Calculate m(8).
-24
Let l(q) = -11*q**3 - 19*q**2 - 22*q - 28. Let b(d) = 7*d**3 + 13*d**2 + 15*d + 19. Let s(m) = -8*b(m) - 5*l(m). Let a be 25/(-3) - (-7)/21. Give s(a).
4
Suppose z - 20 = 3*j, -4*z - 1 - 10 = j. Let a(g) = -2*g**2 - 8*g. Calculate a(j).
-42
Let s be (-12)/((16/10)/(-4)). Suppose -15*q = -10*q + s. Let h(z) = z**3 + 5*z**2 - 6*z - 1. Calculate h(q).
-1
Let p(b) be the first derivative of b**2/2 + 4*b - 21. Calculate p(-9).
-5
Let k(o) = -314 - o + 2*o + 309. Let x = -4 + 7. What is k(x)?
-2
Let n(q) = q**3 + 7*q**2 + 8*q + 5. Suppose -186 = 14*s + 17*s. Determine n(s).
-7
Let y be (6/(-9))/((-2)/3). Suppose -d = -y, 2*p + 2*p - 17 = 3*d. Suppose 0 = t + 2*m - 2, p*m + 4 = 2*t - 0. Let q(n) = 5*n - 3. Give q(t).
7
Let b(d) = -2*d**3 - 4*d - 1. Let z(n) = 5*n**3 - n**2 + 11*n + 3. Let u(i) = -8*b(i) - 3*z(i). Suppo